{"id":410,"date":"2020-06-02T23:26:57","date_gmt":"2020-06-02T21:26:57","guid":{"rendered":"https:\/\/www.migratio.ch\/de\/?page_id=410"},"modified":"2026-07-22T17:03:34","modified_gmt":"2026-07-22T15:03:34","slug":"journee-des-personnes-migrantes","status":"publish","type":"page","link":"https:\/\/www.migratio.ch\/fr\/journee-des-personnes-migrantes\/","title":{"rendered":"Journ\u00e9e des personnes migrantes"},"content":{"rendered":"\n<div class=\"wp-block-media-text alignwide has-media-on-the-right is-stacked-on-mobile is-vertically-aligned-top\" style=\"grid-template-columns:auto 28%\"><div class=\"wp-block-media-text__content\">\n<div style=\"height:20px\" aria-hidden=\"true\" class=\"wp-block-spacer\"><\/div>\n\n\n\n<p>La Journ\u00e9e des personnes migrantes est la version suisse de la Journ\u00e9e mondiale des migrants et des r\u00e9fugi\u00e9s, c\u00e9l\u00e9br\u00e9e dans le monde entier par l\u2019\u00c9glise catholique. Elle invite \u00e0 prendre conscience des r\u00e9alit\u00e9s de vie des personnes migrantes et des r\u00e9fugi\u00e9s, \u00e0 respecter leur dignit\u00e9 et \u00e0 promouvoir la rencontre, la solidarit\u00e9 et la participation.<\/p>\n<p>Chaque ann\u00e9e, cette journ\u00e9e est consacr\u00e9e \u00e0 un th\u00e8me choisi par le pape. Le message papal aborde les d\u00e9fis actuels et les espoirs des migrants, des r\u00e9fugi\u00e9s et des soci\u00e9t\u00e9s d\u2019accueil. <i>migratio<\/i> met \u00e0 disposition divers mat\u00e9riaux \u00e0 ce sujet.<\/p>\n\n\n\n<div style=\"height:20px\" aria-hidden=\"true\" class=\"wp-block-spacer\"><\/div>\n\n\n\n<h4 class=\"wp-block-heading\"><a href=\"https:\/\/www.migratio.ch\/fr\/journee-des-personnes-migrantes-2026\/\" data-type=\"page\" data-id=\"3209\">Journ\u00e9e des personnes migrantes 2026<\/a><\/h4>\n\n\n\n<hr class=\"wp-block-separator has-css-opacity\" \/>\n\n\n\n<p><strong>Informations bancaires pour donations pour la qu\u00eate<\/strong><br \/>Banque cantonale de Saint-Gall AG<br \/>9001 Saint-Gall<br \/>PC\u00a0 90-219-8<br \/>IBAN\u00a0 CH31 0078 1604 8314 0200 0<br \/><a href=\"https:\/\/www.migratio.ch\/fr\/wp-content\/uploads\/sites\/17\/2022\/07\/BV-EZ_St-Gallen.pdf\">Bulletin de versement<\/a><\/p>\n<\/div><figure class=\"wp-block-media-text__media\"><img loading=\"lazy\" decoding=\"async\" width=\"605\" height=\"853\" src=\"https:\/\/www.migratio.ch\/fr\/wp-content\/uploads\/sites\/17\/2026\/07\/2026_TMM_franzosisch.jpg\" alt=\"\" class=\"wp-image-3216 size-full\" srcset=\"https:\/\/www.migratio.ch\/fr\/wp-content\/uploads\/sites\/17\/2026\/07\/2026_TMM_franzosisch.jpg 605w, https:\/\/www.migratio.ch\/fr\/wp-content\/uploads\/sites\/17\/2026\/07\/2026_TMM_franzosisch-213x300.jpg 213w\" sizes=\"auto, (max-width: 605px) 100vw, 605px\" \/><\/figure><\/div>\n\n\n\n<p class=\"wp-block-paragraph\"><\/p>\n","protected":false},"excerpt":{"rendered":"","protected":false},"author":3,"featured_media":0,"parent":0,"menu_order":0,"comment_status":"closed","ping_status":"closed","template":"","meta":{"footnotes":""},"class_list":["post-410","page","type-page","status-publish","hentry"],"_links":{"self":[{"href":"https:\/\/www.migratio.ch\/fr\/wp-json\/wp\/v2\/pages\/410","targetHints":{"allow":["GET"]}}],"collection":[{"href":"https:\/\/www.migratio.ch\/fr\/wp-json\/wp\/v2\/pages"}],"about":[{"href":"https:\/\/www.migratio.ch\/fr\/wp-json\/wp\/v2\/types\/page"}],"author":[{"embeddable":true,"href":"https:\/\/www.migratio.ch\/fr\/wp-json\/wp\/v2\/users\/3"}],"replies":[{"embeddable":true,"href":"https:\/\/www.migratio.ch\/fr\/wp-json\/wp\/v2\/comments?post=410"}],"version-history":[{"count":20,"href":"https:\/\/www.migratio.ch\/fr\/wp-json\/wp\/v2\/pages\/410\/revisions"}],"predecessor-version":[{"id":3287,"href":"https:\/\/www.migratio.ch\/fr\/wp-json\/wp\/v2\/pages\/410\/revisions\/3287"}],"wp:attachment":[{"href":"https:\/\/www.migratio.ch\/fr\/wp-json\/wp\/v2\/media?parent=410"}],"curies":[{"name":"wp","href":"https:\/\/api.w.org\/{rel}","templated":true}]}}

Journée des personnes migrantes

<div class="wp-block-media-text alignwide has-media-on-the-right is-stacked-on-mobile is-vertically-aligned-top" style="grid-template-columns:auto 28%"><div class="wp-block-media-text__content">
<div style="height:20px" aria-hidden="true" class="wp-block-spacer"></div>



<p>La Journée des personnes migrantes est la version suisse de la Journée mondiale des migrants et des réfugiés, célébrée dans le monde entier par l’Église catholique. Elle invite à prendre conscience des réalités de vie des personnes migrantes et des réfugiés, à respecter leur dignité et à promouvoir la rencontre, la solidarité et la participation.</p>
<p>Chaque année, cette journée est consacrée à un thème choisi par le pape. Le message papal aborde les défis actuels et les espoirs des migrants, des réfugiés et des sociétés d’accueil. <i>migratio</i> met à disposition divers matériaux à ce sujet.</p>



<div style="height:20px" aria-hidden="true" class="wp-block-spacer"></div>



<h4 class="wp-block-heading"><a href="https://www.migratio.ch/fr/journee-des-personnes-migrantes-2026/" data-type="page" data-id="3209">Journée des personnes migrantes 2026</a></h4>



<hr class="wp-block-separator has-css-opacity" />



<p><strong>Informations bancaires pour donations pour la quête</strong><br />Banque cantonale de Saint-Gall AG<br />9001 Saint-Gall<br />PC  90-219-8<br />IBAN  CH31 0078 1604 8314 0200 0<br /><a href="https://www.migratio.ch/fr/wp-content/uploads/sites/17/2022/07/BV-EZ_St-Gallen.pdf">Bulletin de versement</a></p>
</div><figure class="wp-block-media-text__media"><img loading="lazy" decoding="async" width="605" height="853" src="https://www.migratio.ch/fr/wp-content/uploads/sites/17/2026/07/2026_TMM_franzosisch.jpg" alt="" class="wp-image-3216 size-full" srcset="https://www.migratio.ch/fr/wp-content/uploads/sites/17/2026/07/2026_TMM_franzosisch.jpg 605w, https://www.migratio.ch/fr/wp-content/uploads/sites/17/2026/07/2026_TMM_franzosisch-213x300.jpg 213w" sizes="auto, (max-width: 605px) 100vw, 605px" /></figure></div>



<p class="wp-block-paragraph"></p>
