{"id":363,"date":"2026-08-27T14:31:49","date_gmt":"2026-08-27T12:31:49","guid":{"rendered":"https:\/\/www.migratio.ch\/de\/?page_id=363"},"modified":"2026-08-27T14:31:49","modified_gmt":"2026-08-27T12:31:49","slug":"migratio","status":"publish","type":"page","link":"https:\/\/www.migratio.ch\/fr\/migratio\/","title":{"rendered":"Service migratio"},"content":{"rendered":"\n<p class=\"wp-block-paragraph\"><em>migratio<\/em> est le Service de la Conf\u00e9rence des \u00e9v\u00eaques suisses (CES) charg\u00e9 de la pastorale des migrants et de l\u2019accompagnement spirituel des personnes en situation de mobilit\u00e9. Environ 40 % des catholiques vivant en Suisse sont issus de l\u2019immigration. La diversit\u00e9 linguistique, culturelle et eccl\u00e9siale fa\u00e7onne profond\u00e9ment la vie de l\u2019\u00c9glise catholique en Suisse. \u00c0 ce titre, <em>migratio<\/em> soutient la Conf\u00e9rence des \u00e9v\u00eaques suisses dans l\u2019exercice de ses responsabilit\u00e9s en mati\u00e8re de pastorale des migrants et d\u2019accompagnement spirituel des personnes en situation de mobilit\u00e9. Le service assure \u00e9galement des missions de coordination, de mise en r\u00e9seau et de d\u00e9veloppement \u00e0 l\u2019\u00e9chelle nationale.<\/p>\n\n\n\n<h2 class=\"wp-block-heading\">Missions<\/h2>\n\n\n\n<p class=\"wp-block-paragraph\">Parmi les missions de <em>migratio<\/em> figurent notamment :<\/p>\n\n\n\n<ul class=\"wp-block-list\">\n<li>garantir et d\u00e9velopper l\u2019accompagnement spirituel des communaut\u00e9s allophones au niveau national ;<\/li>\n\n\n\n<li>accompagner et mettre en r\u00e9seau les communaut\u00e9s allophones ainsi que les communaut\u00e9s des \u00c9glises catholiques orientales ;<\/li>\n\n\n\n<li>accompagner les services nationaux d\u2019accompagnement spirituel destin\u00e9s aux gens du voyage ainsi qu\u2019aux personnes issues du monde du cirque, des forains et des marchands ambulants ;<\/li>\n\n\n\n<li>agir comme centre de comp\u00e9tence et organe de coordination pour l\u2019accompagnement pastoral dans les centres f\u00e9d\u00e9raux d\u2019asile ;<\/li>\n\n\n\n<li>promouvoir la pastorale interculturelle en collaboration avec les dioc\u00e8ses, les organisations eccl\u00e9siastiques cantonales et d\u2019autres partenaires eccl\u00e9siaux ;<\/li>\n\n\n\n<li>mettre en \u0153uvre et d\u00e9velopper le concept global \u00ab En route vers une pastorale interculturelle\u00bb ;<\/li>\n\n\n\n<li>sensibiliser et favoriser la mise en r\u00e9seau autour des questions li\u00e9es \u00e0 la migration, \u00e0 la diversit\u00e9 culturelle et \u00e0 la participation \u00e0 la vie de l\u2019\u00c9glise.<\/li>\n<\/ul>\n\n\n\n<h2 class=\"wp-block-heading\">Commission \u00ab Migration \u00bb<\/h2>\n\n\n\n<p class=\"wp-block-paragraph\">La Commission \u00ab Migration \u00bb conseille la Conf\u00e9rence des \u00e9v\u00eaques suisses sur les questions de pastorale interculturelle, d\u2019accompagnement spirituel dans le domaine de l\u2019asile ainsi que d\u2019accompagnement spirituel des personnes en situation de mobilit\u00e9. <em>migratio<\/em> assure le secr\u00e9tariat de la commission.<\/p>\n\n\n\n<h2 class=\"wp-block-heading\">Concept global de pastorale des migrants<\/h2>\n\n\n\n<p class=\"wp-block-paragraph\">Le <a href=\"https:\/\/www.migratio.ch\/fr\/concept-global\/\">concept global \u00ab En route vers une pastorale interculturelle \u00bb<\/a> constitue le cadre de r\u00e9f\u00e9rence pour le d\u00e9veloppement de la pastorale des migrants en Suisse. Il vise \u00e0 renforcer la collaboration entre les communaut\u00e9s allophones, les paroisses et les autres acteurs eccl\u00e9siaux. <em>migratio<\/em> est charg\u00e9e de sa mise en \u0153uvre et de son d\u00e9veloppement \u00e0 l\u2019\u00e9chelle nationale.<\/p>\n\n\n\n<h2 class=\"wp-block-heading\">Informations suppl\u00e9mentaires<\/h2>\n\n\n\n<p class=\"wp-block-paragraph\"><a href=\"https:\/\/www.migratio.ch\/fr\/wp-content\/uploads\/sites\/17\/2026\/08\/migratio_f_RZ_web.pdf\">Flyer <em>En route dans la pastorale interculturelle<\/em><\/a><\/p>\n\n\n\n<p class=\"wp-block-paragraph\"><a href=\"https:\/\/www.migratio.ch\/fr\/wp-content\/uploads\/sites\/17\/2026\/08\/migratio_engl_RZ_web.pdf\">Flyer <em>Towards intercultural pastoral care<\/em><\/a><\/p>\n\n\n\n<hr class=\"wp-block-separator has-text-color has-vivid-red-color has-css-opacity has-vivid-red-background-color has-background is-style-default\" \/>\n\n\n\n<div style=\"height:20px\" aria-hidden=\"true\" class=\"wp-block-spacer\"><\/div>\n\n\n<ul class=\"wp-block-latest-posts__list has-dates wp-block-latest-posts\"><li><div class=\"wp-block-latest-posts__featured-image alignleft\"><img loading=\"lazy\" decoding=\"async\" width=\"300\" height=\"169\" src=\"https:\/\/www.migratio.ch\/fr\/wp-content\/uploads\/sites\/17\/2026\/07\/Isabel-300x169.jpg\" class=\"attachment-medium size-medium wp-post-image\" alt=\"\" style=\"\" srcset=\"https:\/\/www.migratio.ch\/fr\/wp-content\/uploads\/sites\/17\/2026\/07\/Isabel-300x169.jpg 300w, https:\/\/www.migratio.ch\/fr\/wp-content\/uploads\/sites\/17\/2026\/07\/Isabel-768x432.jpg 768w, https:\/\/www.migratio.ch\/fr\/wp-content\/uploads\/sites\/17\/2026\/07\/Isabel.jpg 907w\" sizes=\"auto, (max-width: 300px) 100vw, 300px\" \/><\/div><a class=\"wp-block-latest-posts__post-title\" href=\"https:\/\/www.migratio.ch\/fr\/la-dignite-humaine-ne-doit-pas-dependre-des-frontieres-politiques\/\">\u00ab La dignit\u00e9 humaine ne doit pas d\u00e9pendre des fronti\u00e8res politiques \u00bb<\/a><time datetime=\"2026-06-19T13:47:56+02:00\" class=\"wp-block-latest-posts__post-date\">19.06.2026<\/time><\/li>\n<li><div class=\"wp-block-latest-posts__featured-image alignleft\"><img loading=\"lazy\" decoding=\"async\" width=\"300\" height=\"169\" src=\"https:\/\/www.migratio.ch\/fr\/wp-content\/uploads\/sites\/17\/2024\/09\/Isabel-Vasquez-scaled-e1727256181989-300x169.jpg\" class=\"attachment-medium size-medium wp-post-image\" alt=\"\" style=\"\" srcset=\"https:\/\/www.migratio.ch\/fr\/wp-content\/uploads\/sites\/17\/2024\/09\/Isabel-Vasquez-scaled-e1727256181989-300x169.jpg 300w, https:\/\/www.migratio.ch\/fr\/wp-content\/uploads\/sites\/17\/2024\/09\/Isabel-Vasquez-scaled-e1727256181989.jpg 640w\" sizes=\"auto, (max-width: 300px) 100vw, 300px\" \/><\/div><a class=\"wp-block-latest-posts__post-title\" href=\"https:\/\/www.migratio.ch\/fr\/sans-dialogue-des-societes-paralleles-risquent-de-se-former-au-sein-de-leglise\/\">\u00ab Sans dialogue, des soci\u00e9t\u00e9s parall\u00e8les risquent de se former au sein de l&rsquo;Eglise \u00bb<\/a><time datetime=\"2024-12-19T11:35:50+01:00\" class=\"wp-block-latest-posts__post-date\">19.12.2024<\/time><\/li>\n<\/ul>","protected":false},"excerpt":{"rendered":"<p>migratio est le Service de la Conf\u00e9rence des \u00e9v\u00eaques suisses (CES) charg\u00e9 de la pastorale des migrants et de l\u2019accompagnement spirituel des personnes en situation de mobilit\u00e9. Environ 40 % des catholiques vivant en Suisse sont issus de l\u2019immigration. La diversit\u00e9 linguistique, culturelle et eccl\u00e9siale fa\u00e7onne profond\u00e9ment la vie de [&hellip;]<\/p>\n","protected":false},"author":20,"featured_media":0,"parent":0,"menu_order":0,"comment_status":"closed","ping_status":"closed","template":"","meta":{"footnotes":""},"class_list":["post-363","page","type-page","status-publish","hentry"],"_links":{"self":[{"href":"https:\/\/www.migratio.ch\/fr\/wp-json\/wp\/v2\/pages\/363","targetHints":{"allow":["GET"]}}],"collection":[{"href":"https:\/\/www.migratio.ch\/fr\/wp-json\/wp\/v2\/pages"}],"about":[{"href":"https:\/\/www.migratio.ch\/fr\/wp-json\/wp\/v2\/types\/page"}],"author":[{"embeddable":true,"href":"https:\/\/www.migratio.ch\/fr\/wp-json\/wp\/v2\/users\/20"}],"replies":[{"embeddable":true,"href":"https:\/\/www.migratio.ch\/fr\/wp-json\/wp\/v2\/comments?post=363"}],"version-history":[{"count":8,"href":"https:\/\/www.migratio.ch\/fr\/wp-json\/wp\/v2\/pages\/363\/revisions"}],"predecessor-version":[{"id":3366,"href":"https:\/\/www.migratio.ch\/fr\/wp-json\/wp\/v2\/pages\/363\/revisions\/3366"}],"wp:attachment":[{"href":"https:\/\/www.migratio.ch\/fr\/wp-json\/wp\/v2\/media?parent=363"}],"curies":[{"name":"wp","href":"https:\/\/api.w.org\/{rel}","templated":true}]}}

<p class="wp-block-paragraph"><em>migratio</em> est le Service de la Conférence des évêques suisses (CES) chargé de la pastorale des migrants et de l’accompagnement spirituel des personnes en situation de mobilité. Environ 40 % des catholiques vivant en Suisse sont issus de l’immigration. La diversité linguistique, culturelle et ecclésiale façonne profondément la vie de l’Église catholique en Suisse. À ce titre, <em>migratio</em> soutient la Conférence des évêques suisses dans l’exercice de ses responsabilités en matière de pastorale des migrants et d’accompagnement spirituel des personnes en situation de mobilité. Le service assure également des missions de coordination, de mise en réseau et de développement à l’échelle nationale.</p>



<h2 class="wp-block-heading">Missions</h2>



<p class="wp-block-paragraph">Parmi les missions de <em>migratio</em> figurent notamment :</p>



<ul class="wp-block-list">
<li>garantir et développer l’accompagnement spirituel des communautés allophones au niveau national ;</li>



<li>accompagner et mettre en réseau les communautés allophones ainsi que les communautés des Églises catholiques orientales ;</li>



<li>accompagner les services nationaux d’accompagnement spirituel destinés aux gens du voyage ainsi qu’aux personnes issues du monde du cirque, des forains et des marchands ambulants ;</li>



<li>agir comme centre de compétence et organe de coordination pour l’accompagnement pastoral dans les centres fédéraux d’asile ;</li>



<li>promouvoir la pastorale interculturelle en collaboration avec les diocèses, les organisations ecclésiastiques cantonales et d’autres partenaires ecclésiaux ;</li>



<li>mettre en œuvre et développer le concept global « En route vers une pastorale interculturelle» ;</li>



<li>sensibiliser et favoriser la mise en réseau autour des questions liées à la migration, à la diversité culturelle et à la participation à la vie de l’Église.</li>
</ul>



<h2 class="wp-block-heading">Commission « Migration »</h2>



<p class="wp-block-paragraph">La Commission « Migration » conseille la Conférence des évêques suisses sur les questions de pastorale interculturelle, d’accompagnement spirituel dans le domaine de l’asile ainsi que d’accompagnement spirituel des personnes en situation de mobilité. <em>migratio</em> assure le secrétariat de la commission.</p>



<h2 class="wp-block-heading">Concept global de pastorale des migrants</h2>



<p class="wp-block-paragraph">Le <a href="https://www.migratio.ch/fr/concept-global/">concept global « En route vers une pastorale interculturelle »</a> constitue le cadre de référence pour le développement de la pastorale des migrants en Suisse. Il vise à renforcer la collaboration entre les communautés allophones, les paroisses et les autres acteurs ecclésiaux. <em>migratio</em> est chargée de sa mise en œuvre et de son développement à l’échelle nationale.</p>



<h2 class="wp-block-heading">Informations supplémentaires</h2>



<p class="wp-block-paragraph"><a href="https://www.migratio.ch/fr/wp-content/uploads/sites/17/2026/08/migratio_f_RZ_web.pdf">Flyer <em>En route dans la pastorale interculturelle</em></a></p>



<p class="wp-block-paragraph"><a href="https://www.migratio.ch/fr/wp-content/uploads/sites/17/2026/08/migratio_engl_RZ_web.pdf">Flyer <em>Towards intercultural pastoral care</em></a></p>



<hr class="wp-block-separator has-text-color has-vivid-red-color has-css-opacity has-vivid-red-background-color has-background is-style-default" />



<div style="height:20px" aria-hidden="true" class="wp-block-spacer"></div>


<ul class="wp-block-latest-posts__list has-dates wp-block-latest-posts"><li><div class="wp-block-latest-posts__featured-image alignleft"><img loading="lazy" decoding="async" width="300" height="169" src="https://www.migratio.ch/fr/wp-content/uploads/sites/17/2026/07/Isabel-300x169.jpg" class="attachment-medium size-medium wp-post-image" alt="" style="" srcset="https://www.migratio.ch/fr/wp-content/uploads/sites/17/2026/07/Isabel-300x169.jpg 300w, https://www.migratio.ch/fr/wp-content/uploads/sites/17/2026/07/Isabel-768x432.jpg 768w, https://www.migratio.ch/fr/wp-content/uploads/sites/17/2026/07/Isabel.jpg 907w" sizes="auto, (max-width: 300px) 100vw, 300px" /></div><a class="wp-block-latest-posts__post-title" href="https://www.migratio.ch/fr/la-dignite-humaine-ne-doit-pas-dependre-des-frontieres-politiques/">« La dignité humaine ne doit pas dépendre des frontières politiques »</a><time datetime="2026-06-19T13:47:56+02:00" class="wp-block-latest-posts__post-date">19.06.2026</time></li>
<li><div class="wp-block-latest-posts__featured-image alignleft"><img loading="lazy" decoding="async" width="300" height="169" src="https://www.migratio.ch/fr/wp-content/uploads/sites/17/2024/09/Isabel-Vasquez-scaled-e1727256181989-300x169.jpg" class="attachment-medium size-medium wp-post-image" alt="" style="" srcset="https://www.migratio.ch/fr/wp-content/uploads/sites/17/2024/09/Isabel-Vasquez-scaled-e1727256181989-300x169.jpg 300w, https://www.migratio.ch/fr/wp-content/uploads/sites/17/2024/09/Isabel-Vasquez-scaled-e1727256181989.jpg 640w" sizes="auto, (max-width: 300px) 100vw, 300px" /></div><a class="wp-block-latest-posts__post-title" href="https://www.migratio.ch/fr/sans-dialogue-des-societes-paralleles-risquent-de-se-former-au-sein-de-leglise/">« Sans dialogue, des sociétés parallèles risquent de se former au sein de l&rsquo;Eglise »</a><time datetime="2024-12-19T11:35:50+01:00" class="wp-block-latest-posts__post-date">19.12.2024</time></li>
</ul>

<p>migratio est le Service de la Conférence des évêques suisses (CES) chargé de la pastorale des migrants et de l’accompagnement spirituel des personnes en situation de mobilité. Environ 40 % des catholiques vivant en Suisse sont issus de l’immigration. La diversité linguistique, culturelle et ecclésiale façonne profondément la vie de [&hellip;]</p>
