{"id":3338,"date":"2026-09-01T17:26:17","date_gmt":"2026-09-01T15:26:17","guid":{"rendered":"https:\/\/www.migratio.ch\/fr\/?page_id=3338"},"modified":"2026-09-01T17:41:51","modified_gmt":"2026-09-01T15:41:51","slug":"aumonerie-du-cirque","status":"publish","type":"page","link":"https:\/\/www.migratio.ch\/fr\/pastorale-migrantes-migrants\/aumonerie-du-cirque\/","title":{"rendered":"Aum\u00f4nerie du cirque"},"content":{"rendered":"\n<p class=\"wp-block-paragraph\">L\u2019aum\u00f4nerie du cirque accompagne les personnes qui passent une grande partie de leur vie sur les routes. Cela comprend les employ\u00e9s des cirques, des forains ainsi que des exposants de march\u00e9s et de foires.<\/p>\n\n\n\n<p class=\"wp-block-paragraph\">Les conditions de travail et de vie particuli\u00e8res de ces groupes professionnels exigent des formes flexibles d\u2019accompagnement spirituel. L\u2019aum\u00f4nerie du cirque soutient les personnes dans leurs pr\u00e9occupations personnelles, familiales et spirituelles et favorise le contact avec l\u2019\u00c9glise, quel que soit leur lieu de s\u00e9jour.<\/p>\n\n\n\n<p class=\"wp-block-paragraph\">Entretien (en allemand) avec Adrian Bolzern dans <em>Lichtblick<\/em> : <a href=\"https:\/\/www.lichtblick-nw.ch\/beten-zwischen-wohnwagen\/\">Beten zwischen Wohnwagen<\/a><\/p>\n\n\n<ul class=\"wp-block-latest-posts__list has-dates wp-block-latest-posts\"><li><div class=\"wp-block-latest-posts__featured-image alignleft\"><img loading=\"lazy\" decoding=\"async\" width=\"300\" height=\"169\" src=\"https:\/\/www.migratio.ch\/fr\/wp-content\/uploads\/sites\/17\/2024\/09\/lautleis-300x169.png\" class=\"attachment-medium size-medium wp-post-image\" alt=\"\" style=\"\" srcset=\"https:\/\/www.migratio.ch\/fr\/wp-content\/uploads\/sites\/17\/2024\/09\/lautleis-300x169.png 300w, https:\/\/www.migratio.ch\/fr\/wp-content\/uploads\/sites\/17\/2024\/09\/lautleis.png 639w\" sizes=\"auto, (max-width: 300px) 100vw, 300px\" \/><\/div><a class=\"wp-block-latest-posts__post-title\" href=\"https:\/\/www.migratio.ch\/fr\/a-ecouter-aumonerie-du-cirque\/\">A \u00e9couter : Aum\u00f4nerie du cirque<\/a><time datetime=\"2024-09-02T10:00:00+02:00\" class=\"wp-block-latest-posts__post-date\">02.09.2024<\/time><\/li>\n<\/ul>","protected":false},"excerpt":{"rendered":"<p>L\u2019aum\u00f4nerie du cirque accompagne les personnes qui passent une grande partie de leur vie sur les routes. Cela comprend les employ\u00e9s des cirques, des forains ainsi que des exposants de march\u00e9s et de foires. Les conditions de travail et de vie particuli\u00e8res de ces groupes professionnels exigent des formes flexibles [&hellip;]<\/p>\n","protected":false},"author":31,"featured_media":0,"parent":434,"menu_order":4,"comment_status":"closed","ping_status":"closed","template":"page-sidebar.php","meta":{"footnotes":""},"class_list":["post-3338","page","type-page","status-publish","hentry"],"_links":{"self":[{"href":"https:\/\/www.migratio.ch\/fr\/wp-json\/wp\/v2\/pages\/3338","targetHints":{"allow":["GET"]}}],"collection":[{"href":"https:\/\/www.migratio.ch\/fr\/wp-json\/wp\/v2\/pages"}],"about":[{"href":"https:\/\/www.migratio.ch\/fr\/wp-json\/wp\/v2\/types\/page"}],"author":[{"embeddable":true,"href":"https:\/\/www.migratio.ch\/fr\/wp-json\/wp\/v2\/users\/31"}],"replies":[{"embeddable":true,"href":"https:\/\/www.migratio.ch\/fr\/wp-json\/wp\/v2\/comments?post=3338"}],"version-history":[{"count":6,"href":"https:\/\/www.migratio.ch\/fr\/wp-json\/wp\/v2\/pages\/3338\/revisions"}],"predecessor-version":[{"id":3376,"href":"https:\/\/www.migratio.ch\/fr\/wp-json\/wp\/v2\/pages\/3338\/revisions\/3376"}],"up":[{"embeddable":true,"href":"https:\/\/www.migratio.ch\/fr\/wp-json\/wp\/v2\/pages\/434"}],"wp:attachment":[{"href":"https:\/\/www.migratio.ch\/fr\/wp-json\/wp\/v2\/media?parent=3338"}],"curies":[{"name":"wp","href":"https:\/\/api.w.org\/{rel}","templated":true}]}}

Aumônerie du cirque

<p class="wp-block-paragraph">L’aumônerie du cirque accompagne les personnes qui passent une grande partie de leur vie sur les routes. Cela comprend les employés des cirques, des forains ainsi que des exposants de marchés et de foires.</p>



<p class="wp-block-paragraph">Les conditions de travail et de vie particulières de ces groupes professionnels exigent des formes flexibles d’accompagnement spirituel. L’aumônerie du cirque soutient les personnes dans leurs préoccupations personnelles, familiales et spirituelles et favorise le contact avec l’Église, quel que soit leur lieu de séjour.</p>



<p class="wp-block-paragraph">Entretien (en allemand) avec Adrian Bolzern dans <em>Lichtblick</em> : <a href="https://www.lichtblick-nw.ch/beten-zwischen-wohnwagen/">Beten zwischen Wohnwagen</a></p>


<ul class="wp-block-latest-posts__list has-dates wp-block-latest-posts"><li><div class="wp-block-latest-posts__featured-image alignleft"><img loading="lazy" decoding="async" width="300" height="169" src="https://www.migratio.ch/fr/wp-content/uploads/sites/17/2024/09/lautleis-300x169.png" class="attachment-medium size-medium wp-post-image" alt="" style="" srcset="https://www.migratio.ch/fr/wp-content/uploads/sites/17/2024/09/lautleis-300x169.png 300w, https://www.migratio.ch/fr/wp-content/uploads/sites/17/2024/09/lautleis.png 639w" sizes="auto, (max-width: 300px) 100vw, 300px" /></div><a class="wp-block-latest-posts__post-title" href="https://www.migratio.ch/fr/a-ecouter-aumonerie-du-cirque/">A écouter : Aumônerie du cirque</a><time datetime="2024-09-02T10:00:00+02:00" class="wp-block-latest-posts__post-date">02.09.2024</time></li>
</ul>

<p>L’aumônerie du cirque accompagne les personnes qui passent une grande partie de leur vie sur les routes. Cela comprend les employés des cirques, des forains ainsi que des exposants de marchés et de foires. Les conditions de travail et de vie particulières de ces groupes professionnels exigent des formes flexibles [&hellip;]</p>
